{"id":534,"date":"2021-11-24T23:00:50","date_gmt":"2021-11-24T23:00:50","guid":{"rendered":"https:\/\/www.ce-iperasmus.eu\/dashboard\/?page_id=534"},"modified":"2022-03-29T00:07:35","modified_gmt":"2022-03-29T00:07:35","slug":"nabava-in-pridobivanje-virov-surovine-vmesni-materiali","status":"publish","type":"page","link":"https:\/\/www.ce-iperasmus.eu\/dashboard\/nabava-in-pridobivanje-virov-surovine-vmesni-materiali\/","title":{"rendered":"Nabava in pridobivanje virov (surovine + vmesni materiali)"},"content":{"rendered":"\n<p>Ko svet prehaja v kro\u017eno gospodarstvo, ima oddelek za javna naro\u010dila veliko klju\u010dnih vlog. Metoda na \u201esistemski ravni\u201c, ki zadeva pogodbene metode, ki jih lahko nabavna organizacija uporabi za zagotavljanje kro\u017enosti. Model \u201eraven dobavitelja\u201c opisuje, kako lahko dobavitelji vgradijo kro\u017enost v svoje sisteme in procese, da zagotovijo, da izdelki in storitve, ki jih ponujajo, izpolnjujejo merila kro\u017enega naro\u010danja. \u201eRaven izdelka\u201c je povezana s tem, vendar je osredoto\u010dena izklju\u010dno na izdelke, ki jih dobavitelji javnim organom lahko sami nabavijo ni\u017eje v dobavni verigi. Surovine se nana\u0161ajo na materiale ali snovi, ki se uporabljajo v primarni proizvodnji ali proizvodnji blaga. Proizvodno blago se nana\u0161a na vse predmete, ki jih ustvarijo ljudje, da bi zadovoljili svoje potrebe in izbolj\u0161ali svoj \u017eivljenjski standard, oboje v skladu z osnovnimi na\u010deli kro\u017enega gospodarstva.<\/p>\n\n\n\n<p><strong><u>Kako lahko podjetja sprejemajo bolj kro\u017ene javno nabavne prakse?<\/u><\/strong><strong><u><\/u><\/strong><\/p>\n\n\n\n<p>Kro\u017eno gospodarstvo je del na\u010drtovane evropske strategije, ki se hitro razvija in ustreza zna\u010dilnostim gr\u0161kega gospodarstva. Kro\u017eno gospodarstvo lahko igra pomembno vlogo za produktivno obnovo in ima jasno regionalno razse\u017enost. Temelji na racionalni rabi virov, konceptu recikliranja-ponovne uporabe in modelu industrijske simbioze. Prispevek javnih naro\u010dil k uspehu organizacije je ve\u010d kot samo upravljanje porabe. Ko svet prehaja v kro\u017eno gospodarstvo, ima oddelek za javna naro\u010dila veliko klju\u010dnih vlog. Metoda na \u201esistemski ravni\u201c, ki zadeva pogodbene metode, ki jih lahko nabavna organizacija uporabi za zagotavljanje kro\u017enosti. To sega od pogodb dobavitelja o prevzemu nazaj ob koncu uporabe, kjer dobavitelj vrne izdelek ob koncu njegove \u017eivljenjske dobe za ponovno uporabo, predelavo ali recikliranje, vse to pa zajema \u017ee v osnovi sklenjena pogodba. Primer produktne storitve je pogodba o tiskanju, ki uporablja model pla\u010dila za kopijo, pri katerem dobavitelj zagotovi vso opremo, popravila, zamenjave in usposabljanje, namesto da samo prodaja material za kopiranje. Model \u201eraven dobavitelja\u201c opisuje, kako lahko dobavitelji vgradijo kro\u017enost v svoje sisteme in procese, da zagotovijo, da izdelki in storitve, ki jih ponujajo, izpolnjujejo merila kro\u017enega naro\u010danja. \u201eRaven izdelka\u201c je povezana s tem, vendar je osredoto\u010dena izklju\u010dno na izdelke, ki jih dobavitelji lahko ponudijo javnim organom in jih ti sami nabavijo ni\u017eje v dobavni verigi. Pri izvajanju kro\u017enih naro\u010dil je pomembno, da se upo\u0161tevajo sistemi dobaviteljev in tehni\u010dne specifikacije izdelkov.<\/p>\n\n\n\n<p><strong><u>Kak\u0161na je razlika med osnovnimi surovinami in vmesnimi materiali ter kako je mo\u010d vsakega od omenjenih materialov kar najbolje uporabiti v skladu z na\u010deli kro\u017enega gospodarstva?<\/u><\/strong><strong><u><\/u><\/strong><\/p>\n\n\n\n<p>Osnovne surovine so materiali ali snovi, ki se uporabljajo v primarni proizvodnji ali proizvodnji blaga. Surovine so blago, ki se kupuje in prodaja na blagovnih borzah po vsem svetu. Primeri surovin so \u017eita, kot sta p\u0161enica in ri\u017e, zelenjava, kot sta korenje in \u010debula, meso, kot sta govedina in pi\u0161\u010danec, les, med iz panjev, minerali ali kovina iz rudnika, pa tudi nafta kot surova nafta. Tehni\u010dni materiali so obi\u010dajni materiali, ki se uporabljajo za izdelavo industrijskih izdelkov. Primeri materialov so steklo, jeklo in kovine, plastika, porcelan in keramika, deske ali beton. Industrijsko blago so vsi predmeti, ki jih ustvarijo ljudje, da bi zadovoljili svoje potrebe in izbolj\u0161ali svoj \u017eivljenjski standard. Vsaka vrsta materialov temelji na treh na\u010delih kro\u017enega gospodarstva, ki se nana\u0161ajo na odpravo odpadkov in onesna\u017eevanja, pri \u010demer se odpadki in onesna\u017eevanje obravnavajo kot produkt v na\u010drtovanju in ne kot neizogibni stranski produkti stvari, ki so narejene, poudarja izdelke in materiale ter regeneracijo narave.<\/p>\n","protected":false},"excerpt":{"rendered":"<p>Ko svet prehaja v kro\u017eno gospodarstvo, ima oddelek za javna naro\u010dila veliko klju\u010dnih vlog. Metoda na \u201esistemski ravni\u201c, ki zadeva pogodbene metode, ki jih lahko &hellip; <\/p>\n","protected":false},"author":2,"featured_media":0,"parent":0,"menu_order":0,"comment_status":"closed","ping_status":"closed","template":"","meta":[],"_links":{"self":[{"href":"https:\/\/www.ce-iperasmus.eu\/dashboard\/wp-json\/wp\/v2\/pages\/534"}],"collection":[{"href":"https:\/\/www.ce-iperasmus.eu\/dashboard\/wp-json\/wp\/v2\/pages"}],"about":[{"href":"https:\/\/www.ce-iperasmus.eu\/dashboard\/wp-json\/wp\/v2\/types\/page"}],"author":[{"embeddable":true,"href":"https:\/\/www.ce-iperasmus.eu\/dashboard\/wp-json\/wp\/v2\/users\/2"}],"replies":[{"embeddable":true,"href":"https:\/\/www.ce-iperasmus.eu\/dashboard\/wp-json\/wp\/v2\/comments?post=534"}],"version-history":[{"count":1,"href":"https:\/\/www.ce-iperasmus.eu\/dashboard\/wp-json\/wp\/v2\/pages\/534\/revisions"}],"predecessor-version":[{"id":535,"href":"https:\/\/www.ce-iperasmus.eu\/dashboard\/wp-json\/wp\/v2\/pages\/534\/revisions\/535"}],"wp:attachment":[{"href":"https:\/\/www.ce-iperasmus.eu\/dashboard\/wp-json\/wp\/v2\/media?parent=534"}],"curies":[{"name":"wp","href":"https:\/\/api.w.org\/{rel}","templated":true}]}}