{"id":484,"date":"2021-11-24T18:18:28","date_gmt":"2021-11-24T18:18:28","guid":{"rendered":"https:\/\/www.ce-iperasmus.eu\/dashboard\/?page_id=484"},"modified":"2022-03-28T23:44:48","modified_gmt":"2022-03-28T23:44:48","slug":"gobernanza-y-gestion-del-cambio","status":"publish","type":"page","link":"https:\/\/www.ce-iperasmus.eu\/dashboard\/gobernanza-y-gestion-del-cambio\/","title":{"rendered":"Gobernanza y gesti\u00f3n del cambio"},"content":{"rendered":"\n<p>La gobernanza es el sistema que gestiona y controla la empresa y tiene que establecer los derechos y responsabilidades entre los diferentes grupos de inter\u00e9s y los procedimientos y normas de toma de decisiones.&nbsp;Las organizaciones tienen diferentes motivos para mejorar su sistema de gesti\u00f3n y control, es decir, su gobernanza: proteger los intereses de los diferentes grupos de inter\u00e9s, garantizar la sostenibilidad de la empresa o gestionar posibles riesgos, entre otras cuestiones.<\/p>\n\n\n\n<p><strong><u>\u00bfQu\u00e9 es la gobernanza?<\/u><\/strong><\/p>\n\n\n\n<p>Es el sistema de reglas, protocolos y procedimientos para el comportamiento y control operativo de una organizaci\u00f3n.&nbsp;Establece las reglas por las que se rige el proceso de toma de decisiones para generar valor.&nbsp;Adem\u00e1s, establece un sistema preventivo y una forma de resolver problemas para la durabilidad de la organizaci\u00f3n y su reputaci\u00f3n.<\/p>\n\n\n\n<p>El consejo de gobierno debe incluir el potencial impacto ambiental y social y est\u00e1 conectado con diferentes actores como consumidores, clientes, proveedores, empleados y propietarios, entre otros.<\/p>\n\n\n\n<p>La gobernanza es una herramienta clave para la sostenibilidad y, por tanto, tambi\u00e9n para la implementaci\u00f3n de pr\u00e1cticas de econom\u00eda circular, de una organizaci\u00f3n y sus productos.<\/p>\n\n\n\n<p><strong><em>&nbsp;<\/em><\/strong><strong><u>\u00bfPor qu\u00e9 es importante la gobernanza en una organizaci\u00f3n?<\/u><\/strong><\/p>\n\n\n\n<p>El buen gobierno corporativo es un pilar fundamental de una organizaci\u00f3n, y lleva a una organizaci\u00f3n a tomar decisiones comerciales sostenibles para controlar la gesti\u00f3n de riesgos y contribuir al \u00e9xito de la organizaci\u00f3n a largo plazo.<\/p>\n\n\n\n<p>Un buen dise\u00f1o de gobierno ayuda a crear las pr\u00e1cticas internas que determinan c\u00f3mo opera la organizaci\u00f3n y c\u00f3mo refleja el inter\u00e9s de sus grupos de inter\u00e9s a trav\u00e9s de su colaboraci\u00f3n, anticip\u00e1ndose a las consecuencias de las propuestas y abordando los potenciales conflictos de inter\u00e9s.&nbsp;<\/p>\n\n\n\n<p>El buen gobierno contribuye a reducir los costos financieros y los riesgos de sostenibilidad porque las organizaciones que han implementado un buen sistema de gobierno corporativo, conducen a gestionar los impactos econ\u00f3micos, sociales y ambientales.&nbsp;Adem\u00e1s, un buen gobierno corporativo contribuye a prevenir la quiebra y, en consecuencia, estas organizaciones son buenas opciones para los inversores.<\/p>\n\n\n\n<p>Adem\u00e1s, la gobernanza es una herramienta para difundir la sostenibilidad a lo largo del ciclo de vida de un producto o servicio, incluida la organizaci\u00f3n y sus miembros.<\/p>\n\n\n\n<p><strong><u>\u00bfCu\u00e1les son los principios de una gobernanza bien dise\u00f1ada?<\/u><\/strong><\/p>\n\n\n\n<ul><li>Transparencia: divulgaci\u00f3n de informaci\u00f3n financiera y no financiera.<\/li><li>Responsabilidad: asegurar que la organizaci\u00f3n cumpla con su papel adecuado en la sociedad.<\/li><li>Equidad: trato equitativo a los inversores.<\/li><li>Rendici\u00f3n de cuentas: garantizar que la gesti\u00f3n se supervise de forma eficaz.<ul><li>Legitimidad: aceptaci\u00f3n y cumplimiento de las leyes y normas.<\/li><li>Coherencia: alineaci\u00f3n entre hechos y pol\u00edticas (dicho).<\/li><li>Integridad: comportarse \u00e9ticamente y siguiendo las normas morales comunes y aceptadas.<\/li><\/ul><\/li><\/ul>\n\n\n\n<p><strong><u>Ejemplos de mejores pr\u00e1cticas de gobernanza<\/u><\/strong><\/p>\n\n\n\n<ul><li>Impulsado por datos, significa que todo lo que una organizaci\u00f3n hace y decide se basa en datos.<\/li><li>Informaci\u00f3n y formaci\u00f3n para los empleados: a trav\u00e9s de la transparencia y la responsabilidad, se puede incrementar la participaci\u00f3n en la gobernanza de empleados bien informados.<\/li><li>Ejemplo del uso de la gobernanza para impulsar pr\u00e1cticas sostenibles y circulares en una empresa: establecer pol\u00edticas y asignar personal y presupuesto para reducir el desperdicio y extender la vida \u00fatil de los productos<\/li><li>Los empleados \/ departamentos de sostenibilidad est\u00e1n incluidos en la estructura de gobierno de la empresa;&nbsp;idealmente, reportan directamente a la alta direcci\u00f3n y est\u00e1n posicionados de una manera que demuestre la importancia del tema dentro de la empresa.<\/li><\/ul>\n\n\n\n<p><strong><u>Ejemplos de malas pr\u00e1cticas de gobierno<\/u><\/strong><\/p>\n\n\n\n<ul><li>Pol\u00edtica ambiental arbitraria, el gobierno debe garantizar la mejor pol\u00edtica ambiental posible basada en datos para los grupos de inter\u00e9s de una empresa.<\/li><li>La falta de transparencia conduce a una mala toma de decisiones.<\/li><li>Declaraciones enga\u00f1osas en el desempe\u00f1o de la auditor\u00eda interna o externa.&nbsp;<\/li><li>Sobornos y trato favorable con clientes y proveedores.<\/li><li>No hay roles y puestos claramente definidos para la sostenibilidad dentro de una empresa.<\/li><\/ul>\n\n\n\n<p><strong><u>\u00bfQu\u00e9 es la gesti\u00f3n del cambio?<\/u><\/strong><\/p>\n\n\n\n<p>La gesti\u00f3n del cambio es el m\u00e9todo mediante el cual una organizaci\u00f3n implementa cambios en sus procesos internos y relaciones externas para pasar de la situaci\u00f3n &#8216;A&#8217; (antigua) a la situaci\u00f3n &#8216;B&#8217; (nueva) asegurando un cambio exitoso.&nbsp;Esto incluye preparar a los empleados, establecer los pasos para el cambio y orientar las acciones necesarias para lograr los resultados esperados y controlar las actividades previas y posteriores al cambio.<\/p>\n\n\n\n<p><strong><u>\u00bfCu\u00e1les son los diferentes pasos en un proceso de gesti\u00f3n de cambios?<\/u><\/strong><\/p>\n\n\n\n<ol type=\"1\"><li>Defina y seleccione el cambio.<\/li><li>Desarrolle un plan para los cambios.<\/li><li>Preparar la organizaci\u00f3n para el cambio.<\/li><li>Implementaci\u00f3n.<\/li><li>Verificaci\u00f3n y retroalimentaci\u00f3n.<\/li><\/ol>\n\n\n\n<p><strong><u>\u00bfCu\u00e1les son los factores de \u00e9xito para implementar un proceso de cambio exitoso en una empresa?<\/u><\/strong><\/p>\n\n\n\n<ol type=\"1\"><li>Un verdadero compromiso de los puestos de m\u00e1s alto nivel con el cambio hacia la sostenibilidad y la econom\u00eda circular<\/li><li>Asignar los recursos necesarios al cambio<\/li><li>Seleccionar el equipo humano de gesti\u00f3n del cambio<\/li><li>Cultura organizacional<\/li><li>Plan de comunicaci\u00f3n<\/li><li>Liderazgo<\/li><\/ol>\n\n\n\n<p>La organizaci\u00f3n debe establecer mecanismos para garantizar la gesti\u00f3n de la sostenibilidad en las relaciones interorganizacionales a lo largo de la cadena de suministro.&nbsp;(Para obtener m\u00e1s informaci\u00f3n, consulte el siguiente&nbsp;<a href=\"https:\/\/www.smart.uio.no\/publications\/reports\/d.5.4-v0.2_wp5.pdf\">informe<\/a>&nbsp;).<\/p>\n\n\n\n<p>Cadbury, A. 1992. Informe del Comit\u00e9 sobre los aspectos financieros del gobierno corporativo (el C\u00f3digo Cadbury del Reino Unido), Londres.&nbsp; Fern\u00e1ndez, MA;&nbsp;Mu\u00f1oz, MJ;&nbsp;Rivero, JM;&nbsp;Ferrero, I. 2008. \u201cEl gobierno corporativo como motor de la responsabilidad social corporativa\u201d.&nbsp;Colecci\u00f3n econom\u00eda y gesti\u00f3n n\u00fam.&nbsp;8, Universitat Jaume I. Mu\u00f1oz-Torres, MJ, Fernandez-Izquierdo, MA, Rivera-Lirio, JM, Ferrero-Ferrero, I., Escrig-Olmedo, E., Gisbert-Navarro, JV (2017).&nbsp;D5.2 Lista de mejores pr\u00e1cticas y KPI del ciclo de vida de los productos textiles.&nbsp;Informe p\u00fablico, Proyecto SMART H2020.&nbsp;Disponible en:&nbsp;<a href=\"https:\/\/ec.europa.eu\/research\/participants\/documents\/downloadPublic?documentIds=080166e5bd4e507d&amp;appId=PPGMS\">https:\/\/ec.europa.eu\/research\/participants\/documents\/downloadPublic?documentIds=080166e5bd4e507d&amp;appId=PPGMS<\/a><\/p>\n","protected":false},"excerpt":{"rendered":"<p>La gobernanza es el sistema que gestiona y controla la empresa y tiene que establecer los derechos y responsabilidades entre los diferentes grupos de inter\u00e9s &hellip; <\/p>\n","protected":false},"author":2,"featured_media":0,"parent":0,"menu_order":0,"comment_status":"closed","ping_status":"closed","template":"","meta":[],"_links":{"self":[{"href":"https:\/\/www.ce-iperasmus.eu\/dashboard\/wp-json\/wp\/v2\/pages\/484"}],"collection":[{"href":"https:\/\/www.ce-iperasmus.eu\/dashboard\/wp-json\/wp\/v2\/pages"}],"about":[{"href":"https:\/\/www.ce-iperasmus.eu\/dashboard\/wp-json\/wp\/v2\/types\/page"}],"author":[{"embeddable":true,"href":"https:\/\/www.ce-iperasmus.eu\/dashboard\/wp-json\/wp\/v2\/users\/2"}],"replies":[{"embeddable":true,"href":"https:\/\/www.ce-iperasmus.eu\/dashboard\/wp-json\/wp\/v2\/comments?post=484"}],"version-history":[{"count":1,"href":"https:\/\/www.ce-iperasmus.eu\/dashboard\/wp-json\/wp\/v2\/pages\/484\/revisions"}],"predecessor-version":[{"id":485,"href":"https:\/\/www.ce-iperasmus.eu\/dashboard\/wp-json\/wp\/v2\/pages\/484\/revisions\/485"}],"wp:attachment":[{"href":"https:\/\/www.ce-iperasmus.eu\/dashboard\/wp-json\/wp\/v2\/media?parent=484"}],"curies":[{"name":"wp","href":"https:\/\/api.w.org\/{rel}","templated":true}]}}