{"id":263,"date":"2021-11-24T00:21:43","date_gmt":"2021-11-24T00:21:43","guid":{"rendered":"https:\/\/www.ce-iperasmus.eu\/dashboard\/?page_id=263"},"modified":"2022-03-27T14:55:38","modified_gmt":"2022-03-27T14:55:38","slug":"introduzione-alle-microimprese","status":"publish","type":"page","link":"https:\/\/www.ce-iperasmus.eu\/dashboard\/introduzione-alle-microimprese\/","title":{"rendered":"Introduzione alle microimprese"},"content":{"rendered":"\n<p>Introduzione alle microimprese<\/p>\n\n\n\n<p>Le microimprese impiegano solitamente meno di 10 persone e il loro bilancio o fatturato annuo non supera i 2 milioni di euro. La grande maggioranza delle aziende europee sono microimprese, che costituiscono una parte sostanziale del contesto imprenditoriale in quanto impiegano due terzi della forza lavoro europea. Allo stesso tempo, sono anche responsabili di causare circa il 30% dell&#8217;impatto ambientale.<\/p>\n\n\n\n<p>Cosa definisce una microimpresa?<\/p>\n\n\n\n<p>\u201cSi definiscono microimprese le imprese che occupano meno di 10 persone e il cui fatturato annuo o totale di bilancio annuo non supera i 2 milioni di euro\u201d ( Commissione europea, 2020, p. 11 ).<\/p>\n\n\n\n<p>Quali sono le caratteristiche distintive delle microimprese?<\/p>\n\n\n\n<p>In tutta l&#8217;OCSE, quasi una persona su tre \u00e8 impiegata in una microimpresa con meno di 10 dipendenti ( OCSE, 2019 ), sostenendo l&#8217;importanza delle PMI per l&#8217;attuazione delle pratiche di economia circolare. Sulla base dei dati del 2008, la forza lavoro dell&#8217;economia aziendale non finanziaria nell&#8217;area UE-27 relativa alle microimprese pu\u00f2 essere caratterizzata come segue: il 92 % delle imprese totali appartiene a un gruppo di microimprese che impiegano il 29 % dei dipendenti e aggiungono il 21,8 % del valore aziendale ( Eurostat, 2013 ; \u0160\u010deulovs &amp; Gaile-Sarkane, 2012 ).<\/p>\n\n\n\n<p>Oltre a ci\u00f2, le PMI sono state i principali motori della creazione di posti di lavoro e contribuiscono all&#8217;identit\u00e0 e alla coesione sociale delle comunit\u00e0 locali nelle aree urbane e rurali ( OCSE, 2019 ; Rizos et al., 2016 ). Di solito, le micro e piccole imprese nei servizi professionali, scientifici e tecnici tendono ad essere pi\u00f9 produttive delle grandi imprese che potrebbero essere legate a strutture meno gerarchiche e a percorsi decisionali pi\u00f9 rapidi. Per quanto riguarda la distribuzione geografica, le microimprese sono sovrarappresentate, ad esempio, in Australia e nei paesi dell&#8217;Europa meridionale ( OCSE, 2019 ). Tuttavia, di solito la carenza di risorse umane e i vincoli finanziari sono i loro punti deboli.<\/p>\n\n\n\n<p>Secondo il Comitato economico e sociale europeo (2014), c&#8217;\u00e8 stata una notevole creazione di posti di lavoro nel \u00absettore dei lavori verdi\u00bb (cio\u00e8, il settore dei beni e servizi ambientali (EGSS)), anche durante gli anni di recessione e crisi. \u00c8 interessante notare che esiste un significativo potenziale di creazione di posti di lavoro legato alla produzione di energia da fonti rinnovabili, efficienza energetica, gestione dei rifiuti e delle acque, qualit\u00e0 dell&#8217;aria, ripristino e conservazione della biodiversit\u00e0 e sviluppo di infrastrutture verdi.<\/p>\n\n\n\n<p>In che modo le microimprese possono trarre vantaggio da approcci aziendali pi\u00f9 circolari? Poich\u00e9 il 92% delle aziende europee sono microimprese, circa 18 milioni di aziende, responsabili di circa il 30% dell&#8217;impatto ambientale, esiste un enorme potenziale beneficio ambientale derivante dall&#8217;attuazione dell&#8217;economia circolare. Tuttavia, la maggior parte \u00e8 troppo piccola per utilizzare sistemi di gestione ambientale. Pertanto, campagne per la riduzione dell&#8217;impatto ambientale, etichette energetiche, eco-label, test e certificazione dei prodotti consentiranno a queste aziende di ridurre il loro impatto ( Constantinos et al., 2014 ).<\/p>\n","protected":false},"excerpt":{"rendered":"<p>Introduzione alle microimprese Le microimprese impiegano solitamente meno di 10 persone e il loro bilancio o fatturato annuo non supera i 2 milioni di euro. &hellip; <\/p>\n","protected":false},"author":2,"featured_media":0,"parent":0,"menu_order":0,"comment_status":"closed","ping_status":"closed","template":"","meta":[],"_links":{"self":[{"href":"https:\/\/www.ce-iperasmus.eu\/dashboard\/wp-json\/wp\/v2\/pages\/263"}],"collection":[{"href":"https:\/\/www.ce-iperasmus.eu\/dashboard\/wp-json\/wp\/v2\/pages"}],"about":[{"href":"https:\/\/www.ce-iperasmus.eu\/dashboard\/wp-json\/wp\/v2\/types\/page"}],"author":[{"embeddable":true,"href":"https:\/\/www.ce-iperasmus.eu\/dashboard\/wp-json\/wp\/v2\/users\/2"}],"replies":[{"embeddable":true,"href":"https:\/\/www.ce-iperasmus.eu\/dashboard\/wp-json\/wp\/v2\/comments?post=263"}],"version-history":[{"count":1,"href":"https:\/\/www.ce-iperasmus.eu\/dashboard\/wp-json\/wp\/v2\/pages\/263\/revisions"}],"predecessor-version":[{"id":264,"href":"https:\/\/www.ce-iperasmus.eu\/dashboard\/wp-json\/wp\/v2\/pages\/263\/revisions\/264"}],"wp:attachment":[{"href":"https:\/\/www.ce-iperasmus.eu\/dashboard\/wp-json\/wp\/v2\/media?parent=263"}],"curies":[{"name":"wp","href":"https:\/\/api.w.org\/{rel}","templated":true}]}}