{"id":255,"date":"2021-11-23T23:40:39","date_gmt":"2021-11-23T23:40:39","guid":{"rendered":"https:\/\/www.ce-iperasmus.eu\/dashboard\/?page_id=255"},"modified":"2022-05-26T22:06:12","modified_gmt":"2022-05-26T22:06:12","slug":"introduccion-a-la-economia-circular","status":"publish","type":"page","link":"https:\/\/www.ce-iperasmus.eu\/dashboard\/introduccion-a-la-economia-circular\/","title":{"rendered":"Introducci\u00f3n a la econom\u00eda circular"},"content":{"rendered":"\n<p><strong>EC en pocas palabras:<\/strong><\/p>\n\n\n\n<p>La econom\u00eda circular es una nueva comprensi\u00f3n de c\u00f3mo obtenemos y usamos los materiales.&nbsp;Es especialmente importante observar lo que le sucede a un producto al final de su vida \u00fatil.&nbsp;Necesitamos remodelar el flujo de nuestros materiales y productos para alejarnos de la econom\u00eda lineal de tomar-hacer-desperdiciar.&nbsp;Esta transformaci\u00f3n es necesaria para garantizar un uso m\u00e1s eficiente de las materias primas, as\u00ed como para reducir nuestras emisiones de CO2, que se desencadenan por los crecientes niveles de consumo excesivo.&nbsp;Una econom\u00eda circular tambi\u00e9n nos ayudar\u00e1 a reducir los residuos y salvaguardar nuestros recursos y el medio ambiente.<\/p>\n\n\n\n<p><strong>\u00bfQu\u00e9 es la econom\u00eda circular?<\/strong><\/p>\n\n\n\n<p>Una de las&nbsp;<a href=\"https:\/\/www.ellenmacarthurfoundation.org\/publications\/towards-the-circular-economy-vol-1-an-economic-and-business-rationale-for-an-accelerated-transition\">definiciones de EC<\/a>&nbsp;m\u00e1s destacadas la&nbsp;<a href=\"https:\/\/www.ellenmacarthurfoundation.org\/publications\/towards-the-circular-economy-vol-1-an-economic-and-business-rationale-for-an-accelerated-transition\">ha proporcionado la Fundaci\u00f3n Ellen MacArthur<\/a>&nbsp;.&nbsp;La fundaci\u00f3n es un actor importante en impulsar la transici\u00f3n a la CE a trav\u00e9s de la investigaci\u00f3n y las colaboraciones de la industria.&nbsp;Seg\u00fan ellos: \u201c[EC es] un sistema industrial que es restaurador o regenerativo por intenci\u00f3n y dise\u00f1o.&nbsp;Reemplaza el concepto de &#8216;fin de vida&#8217; con restauraci\u00f3n, cambia hacia el uso de energ\u00eda renovable, elimina el uso de qu\u00edmicos t\u00f3xicos, que perjudican la reutilizaci\u00f3n, y apunta a la eliminaci\u00f3n de desechos a trav\u00e9s del dise\u00f1o superior de materiales, productos y sistemas. y, dentro de este, modelos de negocio\u00bb.<\/p>\n\n\n\n<p>En resumen, la&nbsp;<a href=\"https:\/\/www.ellenmacarthurfoundation.org\/explore\/the-circular-economy-in-detail\">EC se basa en los siguientes tres principios<\/a>&nbsp;:<\/p>\n\n\n\n<p>1.Dise\u00f1o de residuos y contaminaci\u00f3n.<\/p>\n\n\n\n<p>2.Mantener los productos y materiales en uso.<\/p>\n\n\n\n<p>3. Regenerar los sistemas naturales.<\/p>\n\n\n\n<p>Adem\u00e1s de eso, hay una cierta cantidad de principios o \u00abR\u00bb que debe seguir cuando desee comenzar a implementar la EC.&nbsp;Se basan en las 3R iniciales.<\/p>\n\n\n\n<ul><li><strong>reducir<\/strong>&nbsp;(comprar menos, usar menos, usar menos materiales)<\/li><li><strong>reutilizar<\/strong>&nbsp;(reutilizar productos y materiales una vez que desee desecharlos o una vez que ya no cumplan con su prop\u00f3sito original)<\/li><li><strong>reciclar<\/strong>&nbsp;(convertir productos y materiales antiguos en insumos materiales para nuevos productos y materiales)<\/li><\/ul>\n\n\n\n<p>Como parte del Pacto Verde Europeo, la Comisi\u00f3n Europea ha establecido un&nbsp;<a href=\"https:\/\/eur-lex.europa.eu\/legal-content\/EN\/TXT\/?uri=CELEX:52015DC0614\"><em>Plan de Acci\u00f3n de Econom\u00eda Circular<\/em><\/a><em>&nbsp;.&nbsp;<\/em>El objetivo de este plan es lograr la transici\u00f3n de la UE hacia una econom\u00eda circular.<\/p>\n\n\n\n<p>Esta transici\u00f3n puede:<\/p>\n\n\n\n<ul><li>Ayudar a proteger nuestros recursos naturales y usarlos de manera m\u00e1s eficiente.<\/li><li>Crear un crecimiento sostenible y nuevos puestos de trabajo en muchas industrias y sectores<\/li><li>Ayudar a alcanzar el objetivo de neutralidad clim\u00e1tica de la UE para 2050.<\/li><li>Detener la p\u00e9rdida de biodiversidad y ayudarnos a proteger nuestras plantas y animales<\/li><\/ul>\n\n\n\n<p>Para obtener informaci\u00f3n m\u00e1s detallada y acad\u00e9mica sobre c\u00f3mo se puede definir la EC, los recursos para seguir leyendo son, por ejemplo, &nbsp;&nbsp;<a href=\"https:\/\/www.sciencedirect.com\/science\/article\/pii\/S0959652617332146\">Prieto-Sandoval et al.&nbsp;(2018)<\/a>&nbsp;,&nbsp;<a href=\"https:\/\/www.sciencedirect.com\/science\/article\/pii\/S0921344917302835\">Kirchherr et al.&nbsp;(2017)<\/a>&nbsp;,&nbsp;<a href=\"http:\/\/aei.pitt.edu\/85892\/\">Rizos et al.&nbsp;(2017)<\/a>&nbsp;o Korhonen et al.&nbsp;(&nbsp;<a href=\"https:\/\/www.sciencedirect.com\/science\/article\/abs\/pii\/S0921800916300325\">2018a<\/a>&nbsp;,&nbsp;<a href=\"https:\/\/www.sciencedirect.com\/science\/article\/pii\/S0959652617330706\">2018b<\/a>&nbsp;)<\/p>\n\n\n\n<p>Para obtener m\u00e1s detalles sobre conceptos relacionados, consulte\u00a0<a href=\"https:\/\/onlinelibrary.wiley.com\/doi\/abs\/10.1002\/tie.21924\">Geisendorf &amp; Pietrulla (2018)<\/a>.<\/p>\n\n\n\n<p><strong>\u00bfPor qu\u00e9 necesitamos una transformaci\u00f3n hacia la econom\u00eda circular?<\/strong><\/p>\n\n\n\n<p><strong>El 39 %<\/strong>&nbsp;de las emisiones globales de gases de efecto invernadero se pueden reducir mediante una transici\u00f3n de EC de acuerdo con el&nbsp;<a href=\"https:\/\/www.circle-economy.com\/resources\/circularity-gap-report-2021\"><em>Circularity Gap Report 2021<\/em><\/a>&nbsp;.&nbsp;Esto ayudar\u00e1 a evitar un colapso clim\u00e1tico y a luchar contra la crisis clim\u00e1tica global.<\/p>\n\n\n\n<p>Si seguimos haciendo nuevos productos a partir de materiales v\u00edrgenes, la cifra ascender\u00e1 a&nbsp;aproximadamente <strong>23 mil millones de toneladas (Gt)<\/strong>&nbsp;de emisiones anuales.&nbsp;Aplicando estrategias circulares, podemos reducir la cantidad de minerales, combustibles f\u00f3siles, metales y biomasa que consume la econom\u00eda mundial.<\/p>\n\n\n\n<p>Para lograr una transformaci\u00f3n exitosa,\u00a0<a href=\"https:\/\/www.sciencedirect.com\/science\/article\/pii\/S0921344919305403?via%3Dihub\">Hartley et al.\u00a0(2020)<\/a>\u00a0describen diferentes pol\u00edticas para la transici\u00f3n hacia una econom\u00eda circular.\u00a0Muchos de ellos tendr\u00edan un impacto directo en las empresas y las industrias, porque necesitaremos reestructurar la forma en que hacemos negocios y producimos bienes.<\/p>\n\n\n\n<p><strong>\u00bfCu\u00e1les son los beneficios de un sistema circular?<\/strong><\/p>\n\n\n\n<p>La AEMA (2016) ha identificado una serie de recursos, beneficios ambientales, econ\u00f3micos y sociales de la econom\u00eda circular en Europa.&nbsp;Los beneficios de los recursos se pueden obtener mejorando la seguridad de los recursos y disminuyendo la dependencia de los mismos.&nbsp;La proporci\u00f3n de materiales que se reutilizan se puede aumentar de aprox.&nbsp;9 a 17 %, casi duplicando la circularidad de la econom\u00eda global (Circle Economy, 2021).&nbsp;En el aspecto medioambiental, el impacto negativo se puede reducir, lo que tambi\u00e9n ha sido confirmado por Circle Economy (2021), quien describe 21 estrategias circulares en el Circularity Gap Report 2021. Esto puede mantener al planeta en una trayectoria muy por debajo de los 2 \u00b0, al reducir las emisiones en aprox.&nbsp;23 mil millones de toneladas m\u00e1s de lo que se logra con los compromisos clim\u00e1ticos actuales, una reducci\u00f3n del 39 % con respecto a los niveles de 2019.&nbsp;Entre los beneficios econ\u00f3micos,&nbsp;las oportunidades para el crecimiento econ\u00f3mico y la innovaci\u00f3n se pueden materializar; por ejemplo, el ahorro en costos de materiales de 340-630 mil millones de d\u00f3lares por a\u00f1o solo en la UE (EMF, 2013a) y para ciertos bienes de consumo, es decir, alimentos, bebidas, textiles y empaques. Se estima un potencial global de 700 mil millones de d\u00f3lares por a\u00f1o en ahorros de materiales, lo que equivale aproximadamente al 20 % de los costos de insumos de materiales en estos sectores (EMF, 2013b).&nbsp;En el aspecto social, Europa podr\u00eda aumentar la productividad de los recursos hasta en un 3 % anual a trav\u00e9s de los avances tecnol\u00f3gicos.&nbsp;Adem\u00e1s de un beneficio de recurso primario de hasta 0,6 billones de euros por a\u00f1o, se podr\u00edan generar 1,2 billones de euros en beneficios sin recursos y de externalidades, una suma de beneficios totales de 1,8 billones de euros en comparaci\u00f3n con la actualidad (EMA et al., 2015 ; McKinsey, 2015).&nbsp;Mientras tanto,&nbsp;la Organizaci\u00f3n Internacional del Trabajo proyecta la creaci\u00f3n neta de 18 millones de empleos verdes para 2030, incluidos 4 millones en manufactura y 9 millones en energ\u00edas renovables y construcci\u00f3n, \u00e1reas todas que se ver\u00e1n impulsadas por un cambio hacia el pensamiento circular (OIT, 2018; 2019).&nbsp;Sin embargo, este potencial puede diferir seg\u00fan el contexto del pa\u00eds y la industria (Chateau &amp; Mavroeidi, 2020).<\/p>\n","protected":false},"excerpt":{"rendered":"<p>EC en pocas palabras: La econom\u00eda circular es una nueva comprensi\u00f3n de c\u00f3mo obtenemos y usamos los materiales.&nbsp;Es especialmente importante observar lo que le sucede &hellip; <\/p>\n","protected":false},"author":2,"featured_media":0,"parent":0,"menu_order":0,"comment_status":"closed","ping_status":"closed","template":"","meta":[],"_links":{"self":[{"href":"https:\/\/www.ce-iperasmus.eu\/dashboard\/wp-json\/wp\/v2\/pages\/255"}],"collection":[{"href":"https:\/\/www.ce-iperasmus.eu\/dashboard\/wp-json\/wp\/v2\/pages"}],"about":[{"href":"https:\/\/www.ce-iperasmus.eu\/dashboard\/wp-json\/wp\/v2\/types\/page"}],"author":[{"embeddable":true,"href":"https:\/\/www.ce-iperasmus.eu\/dashboard\/wp-json\/wp\/v2\/users\/2"}],"replies":[{"embeddable":true,"href":"https:\/\/www.ce-iperasmus.eu\/dashboard\/wp-json\/wp\/v2\/comments?post=255"}],"version-history":[{"count":2,"href":"https:\/\/www.ce-iperasmus.eu\/dashboard\/wp-json\/wp\/v2\/pages\/255\/revisions"}],"predecessor-version":[{"id":1456,"href":"https:\/\/www.ce-iperasmus.eu\/dashboard\/wp-json\/wp\/v2\/pages\/255\/revisions\/1456"}],"wp:attachment":[{"href":"https:\/\/www.ce-iperasmus.eu\/dashboard\/wp-json\/wp\/v2\/media?parent=255"}],"curies":[{"name":"wp","href":"https:\/\/api.w.org\/{rel}","templated":true}]}}