{"id":135,"date":"2021-09-25T09:47:33","date_gmt":"2021-09-25T09:47:33","guid":{"rendered":"https:\/\/www.ce-iperasmus.eu\/dashboard\/?page_id=135"},"modified":"2022-03-29T00:22:04","modified_gmt":"2022-03-29T00:22:04","slug":"finance-funding-opportunities","status":"publish","type":"page","link":"https:\/\/www.ce-iperasmus.eu\/dashboard\/finance-funding-opportunities\/","title":{"rendered":"Finance &#038; Funding Opportunities"},"content":{"rendered":"\n<p><strong>EU<\/strong><\/p>\n\n\n\n<figure class=\"wp-block-table\"><table><tbody><tr><td><strong>DESCRIPTION<\/strong><\/td><td><strong>NAME OF PROGRAM<\/strong><strong><\/strong><\/td><td><strong>LINK<\/strong><strong><\/strong><\/td><\/tr><tr><td>As part of the European Green Deal, the European Commission has set up a <em>Circular Economy Action Plan<\/em> with the goal to achieve the EU\u2019s transition to a circular economy. To fulfill this target, the European Commission publishes funding opportunities related to the circular economy <a href=\"https:\/\/ec.europa.eu\/info\/research-and-innovation\/research-area\/environment\/circular-economy_en\">here<\/a>.&nbsp;<\/td><td>Collection\/Overview<\/td><td><a href=\"https:\/\/ec.europa.eu\/info\/research-and-innovation\/research-area\/environment\/circular-economy_en\">https:\/\/ec.europa.eu\/info\/research-and-innovation\/research-area\/environment\/circular-economy_en<\/a><\/td><\/tr><tr><td>&nbsp;<\/td><td>EU Innovation Fund (small scale projects)<\/td><td><a href=\"https:\/\/ec.europa.eu\/clima\/policies\/innovation-fund_en#tab-0-2\">https:\/\/ec.europa.eu\/clima\/policies\/innovation-fund_en#tab-0-2<\/a><\/td><\/tr><tr><td>&nbsp;<\/td><td>Information and projects under the EASME (Executive Agency for SMEs)<\/td><td><a href=\"https:\/\/wayback.archive-it.org\/12090\/20210412123959\/https:\/ec.europa.eu\/easme\/en\/\">https:\/\/wayback.archive-it.org\/12090\/20210412123959\/https:\/\/ec.europa.eu\/easme\/en\/<\/a><\/td><\/tr><tr><td><strong>&nbsp;<\/strong><\/td><td>ECBF European Circular Bioeconomy Fund<\/td><td><a href=\"https:\/\/www.ecbf.vc\/\">https:\/\/www.ecbf.vc\/<\/a><\/td><\/tr><tr><td>Build a knowledge- and innovation-based society and a competitive economy, while contributing to sustainable development;&nbsp;with different focus areas&nbsp;<strong><\/strong><\/td><td>InvestEU&nbsp;(2021\u20132027)&nbsp;<\/td><td><a href=\"https:\/\/www.foerderdatenbank.de\/FDB\/Content\/DE\/Foerderprogramm\/EU\/horizont-2020-rahmenprogramm-forschung-innovation.html\">https:\/\/www.foerderdatenbank.de\/FDB\/Content\/DE\/Foerderprogramm\/<\/a><br><a href=\"https:\/\/www.foerderdatenbank.de\/FDB\/Content\/DE\/Foerderprogramm\/EU\/horizont-2020-rahmenprogramm-forschung-innovation.html\">EU\/horizont-2020-rahmenprogramm-forschung-innovation.html<\/a><\/td><\/tr><tr><td>Through \u00abrisk sharing\u00bb, we provide finance to circular economy projects\/promoters with a typically higher risk profile&nbsp;<strong><\/strong><\/td><td>European Investment Bank&nbsp;<\/td><td><a href=\"https:\/\/www.eib.org\/en\/about\/initiatives\/circular-economy\/index.htm\">https:\/\/www.eib.org\/en\/about\/initiatives\/circular-economy\/index.htm<\/a> &nbsp;<\/td><\/tr><tr><td>Five European national promotional banks &amp; institutions and the European Investment Bank (EIB)&nbsp;support the development and implementation of circular economy projects and&nbsp;programmes&nbsp;in the European Union<strong><\/strong><\/td><td>The Joint Initiative on Circular Economy&nbsp;<\/td><td><a href=\"https:\/\/www.kfw.de\/KfW-Group\/Newsroom\/Latest-News\/Pressemitteilungen-Details_531840.html\">https:\/\/www.kfw.de\/KfW-Group\/Newsroom\/Latest-News\/Pressemitteilungen-Details_531840.html<\/a> &nbsp;<\/td><\/tr><\/tbody><\/table><\/figure>\n\n\n\n<p><strong>GERMANY<\/strong><\/p>\n\n\n\n<figure class=\"wp-block-table\"><table><tbody><tr><td><strong>DESCRIPTION<\/strong><\/td><td><strong>NAME OF PROGRAM<\/strong><strong><\/strong><\/td><td><strong>LINK<\/strong><strong><\/strong><\/td><\/tr><tr><td>Companies invest in resource efficiency measures or in circular business processes&nbsp;(NRW)<\/td><td>Special&nbsp;program&nbsp;<br>Circular Economy and Resource Efficiency&nbsp;<\/td><td><a href=\"https:\/\/www.foerderdatenbank.de\/FDB\/Content\/DE\/Foerderprogramm\/Land\/NRW\/kreislaufwirtschaft-ressourceneffizienz.html\">https:\/\/www.foerderdatenbank.de\/FDB\/Content\/DE\/<\/a><br><a href=\"https:\/\/www.foerderdatenbank.de\/FDB\/Content\/DE\/Foerderprogramm\/Land\/NRW\/kreislaufwirtschaft-ressourceneffizienz.html\">Foerderprogramm\/Land\/NRW\/<\/a><br><a href=\"https:\/\/www.foerderdatenbank.de\/FDB\/Content\/DE\/Foerderprogramm\/Land\/NRW\/kreislaufwirtschaft-ressourceneffizienz.html\">kreislaufwirtschaft-ressourceneffizienz.html<\/a><\/td><\/tr><tr><td>Companies working alone or with others on innovative environmental solutions, especially for dealing with waste&nbsp; (Sachsen-Anhalt)<\/td><td>Promotion of innovative circular and resource management measures (Resource Guideline)<\/td><td><a href=\"https:\/\/www.foerderdatenbank.de\/FDB\/Content\/DE\/Foerderprogramm\/Land\/Sachsen-Anhalt\/richtlinie-ressource.html\">https:\/\/www.foerderdatenbank.de\/FDB\/Content\/DE\/<\/a><br><a href=\"https:\/\/www.foerderdatenbank.de\/FDB\/Content\/DE\/Foerderprogramm\/Land\/Sachsen-Anhalt\/richtlinie-ressource.html\">Foerderprogramm\/Land\/<\/a><br><a href=\"https:\/\/www.foerderdatenbank.de\/FDB\/Content\/DE\/Foerderprogramm\/Land\/Sachsen-Anhalt\/richtlinie-ressource.html\">Sachsen-Anhalt\/richtlinie-ressource.html<\/a> &nbsp;<\/td><\/tr><tr><td>Medium-sized companies, freelancers invest in environmental protection on your own responsibility (Bayern)<\/td><td>Bavarian Environmental Loan Program\/\u201d\u00d6kocredit\u201d<\/td><td><a href=\"https:\/\/www.foerderdatenbank.de\/FDB\/Content\/DE\/Foerderprogramm\/Land\/Bayern\/bayerisches-umweltkreditprogramm.html\">https:\/\/www.foerderdatenbank.de\/FDB\/Content\/DE\/<\/a><br><a href=\"https:\/\/www.foerderdatenbank.de\/FDB\/Content\/DE\/Foerderprogramm\/Land\/Bayern\/bayerisches-umweltkreditprogramm.html\">Foerderprogramm\/Land\/Bayern\/<\/a><br><a href=\"https:\/\/www.foerderdatenbank.de\/FDB\/Content\/DE\/Foerderprogramm\/Land\/Bayern\/bayerisches-umweltkreditprogramm.html\">bayerisches-umweltkreditprogramm.html<\/a><\/td><\/tr><tr><td>Plan measures for the development of agriculture, forestry,&nbsp;aquaculture&nbsp;and fisheries, in environmental, nature and climate protection and in the field of energy (Sachsen)<\/td><td>Funding Guideline Special Initiatives (RL BesIn\/2021)&nbsp;<\/td><td><a href=\"https:\/\/www.foerderdatenbank.de\/FDB\/Content\/DE\/Foerderprogramm\/Land\/Sachsen\/richtlinie-besin-2021.html\">https:\/\/www.foerderdatenbank.de\/FDB\/Content\/DE\/<\/a><br><a href=\"https:\/\/www.foerderdatenbank.de\/FDB\/Content\/DE\/Foerderprogramm\/Land\/Sachsen\/richtlinie-besin-2021.html\">Foerderprogramm\/Land\/Sachsen\/richtlinie-besin-2021.html<\/a><\/td><\/tr><tr><td>Companies make use of external consulting services to increase resource efficiency (Rheinland-Pfalz)<\/td><td>Company consultations to increase resource efficiency&nbsp;<\/td><td><a href=\"https:\/\/www.foerderdatenbank.de\/FDB\/Content\/DE\/Foerderprogramm\/Land\/Rheinland-Pfalz\/betriebsberatungen-erhoehung-ressourceneffizienz.html\">https:\/\/www.foerderdatenbank.de\/FDB\/Content\/DE\/<\/a><br><a href=\"https:\/\/www.foerderdatenbank.de\/FDB\/Content\/DE\/Foerderprogramm\/Land\/Rheinland-Pfalz\/betriebsberatungen-erhoehung-ressourceneffizienz.html\">Foerderprogramm\/Land\/Rheinland-Pfalz\/<\/a><br><a href=\"https:\/\/www.foerderdatenbank.de\/FDB\/Content\/DE\/Foerderprogramm\/Land\/Rheinland-Pfalz\/betriebsberatungen-erhoehung-ressourceneffizienz.html\">betriebsberatungen-erhoehung-ressourceneffizienz.html<\/a><\/td><\/tr><tr><td>Strengthen regional and supra-regional cooperation between companies and business-related institutions in cluster networks&nbsp;(Hessen)<\/td><td>Promotion of regional development &#8211; Regional innovation clusters (cluster networks)&nbsp;<\/td><td><a href=\"https:\/\/www.foerderdatenbank.de\/FDB\/Content\/DE\/Foerderprogramm\/Land\/Hessen\/regionale-entwicklung-innovationscluster.html\">https:\/\/www.foerderdatenbank.de\/FDB\/Content\/DE\/<\/a><br><a href=\"https:\/\/www.foerderdatenbank.de\/FDB\/Content\/DE\/Foerderprogramm\/Land\/Hessen\/regionale-entwicklung-innovationscluster.html\">Foerderprogramm\/Land\/<\/a><br><a href=\"https:\/\/www.foerderdatenbank.de\/FDB\/Content\/DE\/Foerderprogramm\/Land\/Hessen\/regionale-entwicklung-innovationscluster.html\">Hessen\/regionale-entwicklung-innovationscluster.html<\/a> &nbsp;<\/td><\/tr><tr><td>Companies or research institutions planning research,&nbsp;development&nbsp;or feasibility studies &#8211; also in cooperation&nbsp; (Hamburg)<\/td><td>Program for Innovation (PROFI)&nbsp;<\/td><td><a href=\"https:\/\/www.foerderdatenbank.de\/FDB\/Content\/DE\/Foerderprogramm\/Land\/Hamburg\/programm-fuer-innovationen-profi.html\">https:\/\/www.foerderdatenbank.de\/FDB\/Content\/DE\/<\/a><br><a href=\"https:\/\/www.foerderdatenbank.de\/FDB\/Content\/DE\/Foerderprogramm\/Land\/Hamburg\/programm-fuer-innovationen-profi.html\">Foerderprogramm\/Land\/Hamburg\/<\/a><br><a href=\"https:\/\/www.foerderdatenbank.de\/FDB\/Content\/DE\/Foerderprogramm\/Land\/Hamburg\/programm-fuer-innovationen-profi.html\">programm-fuer-innovationen-profi.html<\/a><\/td><\/tr><tr><td>Research and development in the field of renewable raw materials&nbsp;(national)<\/td><td>Renewable raw materials&nbsp;<\/td><td><a href=\"https:\/\/www.foerderdatenbank.de\/FDB\/Content\/DE\/Foerderprogramm\/Bund\/BMEL\/foerderprogramm-nachwachsende-rohstoffe.html\">https:\/\/www.foerderdatenbank.de\/FDB\/Content\/DE\/<\/a><br><a href=\"https:\/\/www.foerderdatenbank.de\/FDB\/Content\/DE\/Foerderprogramm\/Bund\/BMEL\/foerderprogramm-nachwachsende-rohstoffe.html\">Foerderprogramm\/Bund\/BMEL\/<\/a><br><a href=\"https:\/\/www.foerderdatenbank.de\/FDB\/Content\/DE\/Foerderprogramm\/Bund\/BMEL\/foerderprogramm-nachwachsende-rohstoffe.html\">foerderprogramm-nachwachsende-rohstoffe.html<\/a><\/td><\/tr><tr><td>Projects for knowledge transfer and promotion of green and sustainable technologies and infrastructures abroad&nbsp; (national)<\/td><td>Promoting the export of green and sustainable (environmental) infrastructure (Export Initiative for Environmental Technologies)&nbsp;<\/td><td><a href=\"https:\/\/www.foerderdatenbank.de\/FDB\/Content\/DE\/Foerderprogramm\/Bund\/BMU\/exportinitiative-fuer-umwelttechnologien.html\">https:\/\/www.foerderdatenbank.de\/FDB\/Content\/DE\/<\/a><br><a href=\"https:\/\/www.foerderdatenbank.de\/FDB\/Content\/DE\/Foerderprogramm\/Bund\/BMU\/exportinitiative-fuer-umwelttechnologien.html\">Foerderprogramm\/Bund\/BMU\/<\/a><br><a href=\"https:\/\/www.foerderdatenbank.de\/FDB\/Content\/DE\/Foerderprogramm\/Bund\/BMU\/exportinitiative-fuer-umwelttechnologien.html\">exportinitiative-fuer-umwelttechnologien.html<\/a> &nbsp;<\/td><\/tr><tr><td>Small or medium-sized enterprises (SMEs) researching and developing an innovative project in the fields of resource efficiency and climate change mitigation (national)<\/td><td>KMU-innovative: Resource efficiency and climate protection&nbsp;<\/td><td><a href=\"https:\/\/www.foerderdatenbank.de\/FDB\/Content\/DE\/Foerderprogramm\/Bund\/BMBF\/kmu-innovativ-ressourcen-klimaschutz-bund.html\">https:\/\/www.foerderdatenbank.de\/FDB\/Content\/DE\/<\/a><br><a href=\"https:\/\/www.foerderdatenbank.de\/FDB\/Content\/DE\/Foerderprogramm\/Bund\/BMBF\/kmu-innovativ-ressourcen-klimaschutz-bund.html\">Foerderprogramm\/Bund\/BMBF\/kmu-innovativ-ressourcen-klimaschutz-bund.html<\/a><\/td><\/tr><\/tbody><\/table><\/figure>\n\n\n\n<p><strong>SPAIN<\/strong><\/p>\n\n\n\n<figure class=\"wp-block-table\"><table><tbody><tr><td><strong>DESCRIPTION<\/strong><\/td><td><strong>NAME OF PROGRAM<\/strong><strong><\/strong><\/td><td><strong>LINK<\/strong><strong><\/strong><\/td><\/tr><tr><td>El ICO, otros cuatro Bancos e Instituciones Nacionales de Promoci\u00f3n europeos y el Banco Europeo de Inversiones (BEI) han lanzado la Iniciativa Conjunta para la Econom\u00eda Circular para apoyar el desarrollo y la ejecuci\u00f3n de proyectos y programas de econom\u00eda circular en la Uni\u00f3n Europea (UE). ICO, four other European Banks and National Promotion Institutions and the European Investment Bank have launched the Joint Initiative for Circular Economy to support the development and implementation of circular economy projects and programs in the European Union.<\/td><td>Joint Initiative for Circular Economy (JICE)<\/td><td><a href=\"https:\/\/www.ico.es\/web\/guest\/inicio\">https:\/\/www.ico.es\/web\/guest\/inicio<\/a><\/td><\/tr><tr><td>Ayudas para empresas en general, para la realizaci\u00f3n de proyectos de ecodise\u00f1o y demostraci\u00f3n en econom\u00eda circular, de ecoinnovaci\u00f3n estrat\u00e9gica, de dise\u00f1o de proyectos para programas europeos y de activaci\u00f3n de proyectos retadores. (Gobierno del Pa\u00eds Vasco) Aid for companies in general, to carry out eco-design and demonstration projects in the circular economy, strategic eco-innovation, project design for European programs and activation of challenging projects. (Government of the Basque Country)<\/td><td>Ecodise\u00f1o y demostraci\u00f3n en econom\u00eda circular &nbsp; Eco-design and demonstration in circular economy<\/td><td>Buscador general\/Search engine: <a href=\"http:\/\/www.ipyme.org\/es-ES\/BBDD\/AyudasIncentivos\/Paginas\/BuscadorAyudas.aspx\">http:\/\/www.ipyme.org\/es-ES\/BBDD\/AyudasIncentivos\/Paginas\/BuscadorAyudas.aspx<\/a> Ayuda\/Aid: <a href=\"https:\/\/wapis.ipyme.org\/servicioayudas\/ayudas\/detalle?id=85621&amp;fichero\">https:\/\/wapis.ipyme.org\/servicioayudas\/ayudas\/detalle?id=85621&amp;fichero<\/a><br>Web del organismo convocante:\/ Web of the organizing body: <a href=\"http:\/\/www.ihobe.eus\/\">http:\/\/www.ihobe.eus<\/a>&nbsp;<\/td><\/tr><tr><td>Ayudas para empresas en general, industria, Investigaci\u00f3n y Desarrollo, para la realizaci\u00f3n de proyectos de ecodise\u00f1o y demostraci\u00f3n en econom\u00eda circular, de ecoinnovaci\u00f3n estrat\u00e9gica, de dise\u00f1o de proyectos para programas europeos y de activaci\u00f3n de proyectos retadores. (Gobierno del Pa\u00eds Vasco) &nbsp;Aid for companies in general, industry, Research and Development, to carry out eco-design and demonstration projects in the circular economy, strategic eco-innovation, project design for European programs and activation of challenging projects. (Government of the Basque Country)<\/td><td>Ecoinnovaci\u00f3n estrat\u00e9gica Strategic eco-innovation<\/td><td>Buscador general\/ Search engine: <a href=\"http:\/\/www.ipyme.org\/es-ES\/BBDD\/AyudasIncentivos\/Paginas\/BuscadorAyudas.aspx\">http:\/\/www.ipyme.org\/es-ES\/BBDD\/AyudasIncentivos\/Paginas\/BuscadorAyudas.aspx<\/a> Ayuda\/Aid: <a href=\"https:\/\/wapis.ipyme.org\/servicioayudas\/ayudas\/detalle?id=85622&amp;fichero\">https:\/\/wapis.ipyme.org\/servicioayudas\/ayudas\/detalle?id=85622&amp;fichero<\/a>=&nbsp; &nbsp;Web del organismo convocante\/ Web of the organizing body: <a href=\"http:\/\/www.ihobe.eus\/\">http:\/\/www.ihobe.eus<\/a><\/td><\/tr><tr><td>Ayudas para Peque\u00f1as o medianas empresas (PYME) (Asturias) Small or medium-sized enterprises (SMEs) (Asturias)<\/td><td>Subvenciones para el impulso de la econom\u00eda circular en las empresas durante el a\u00f1o 2021 Grants to promote the circular economy in companies during 2021<\/td><td>Buscador general\/ Search engine: <a href=\"http:\/\/www.ipyme.org\/es-ES\/BBDD\/AyudasIncentivos\/Paginas\/BuscadorAyudas.aspx\">http:\/\/www.ipyme.org\/es-ES\/BBDD\/AyudasIncentivos\/Paginas\/BuscadorAyudas.aspx<\/a> Ayuda\/Aid: <a href=\"https:\/\/wapis.ipyme.org\/servicioayudas\/ayudas\/detalle?id=84663&amp;fichero\">https:\/\/wapis.ipyme.org\/servicioayudas\/ayudas\/detalle?id=84663&amp;fichero<\/a>=&nbsp;&nbsp; Web del organismo convocante\/ Web of the organizing body: <a href=\"https:\/\/sede.asturias.es\/\">https:\/\/sede.asturias.es<\/a><\/td><\/tr><tr><td>Empresas privadas y agrupaciones de empresas privadas que tengan al menos un establecimiento operativo en Catalu\u00f1a Private companies and groups of private companies that have at least one operational establishment in Catalonia<\/td><td>Subvenciones para proyectos de fomento de la econom\u00eda circular Grants for projects to promote the circular economy<\/td><td>Buscador general\/Search engine: <a href=\"http:\/\/www.ipyme.org\/es-ES\/BBDD\/AyudasIncentivos\/Paginas\/BuscadorAyudas.aspx\">http:\/\/www.ipyme.org\/es-ES\/BBDD\/AyudasIncentivos\/Paginas\/BuscadorAyudas.aspx<\/a> Ayuda\/Aid: <a href=\"https:\/\/wapis.ipyme.org\/servicioayudas\/ayudas\/detalle?id=79578&amp;fichero\">https:\/\/wapis.ipyme.org\/servicioayudas\/ayudas\/detalle?id=79578&amp;fichero<\/a>= Web del organismo convocante\/Web of the organizing body: <a href=\"http:\/\/canalempresa.gencat.cat\/\">http:\/\/canalempresa.gencat.cat<\/a><\/td><\/tr><tr><td>Peque\u00f1as o medianas empresas (PYME) que investigan y desarrollan un proyecto innovador vinculado a la econom\u00eda circular (nacional) Small or medium-sized enterprises (SMEs) researching and developing an innovative project linked to circular economy (national)<\/td><td>Buscador de Ayudas e incentivos para empresas Search engine for aid and incentives in Spain<\/td><td><a href=\"http:\/\/www.ipyme.org\/es-ES\/BBDD\/AyudasIncentivos\/Paginas\/BuscadorAyudas.aspx\">http:\/\/www.ipyme.org\/es-ES\/BBDD\/AyudasIncentivos\/Paginas\/BuscadorAyudas.aspx<\/a> &nbsp;<\/td><\/tr><tr><td>Programas y ayudas de la Uni\u00f3n Europea &nbsp; European Union programs and grants<\/td><td>Gu\u00eda de Financiaci\u00f3n Comunitaria &nbsp; Community Financing Guide<\/td><td><a href=\"https:\/\/www.guiafc.es\/\">https:\/\/www.guiafc.es\/<\/a><\/td><\/tr><\/tbody><\/table><\/figure>\n\n\n\n<p><strong>GREECE<\/strong><\/p>\n\n\n\n<figure class=\"wp-block-table\"><table><tbody><tr><td><strong>DESCRIPTION<\/strong><\/td><td><strong>NAME OF PROGRAM<\/strong><strong><\/strong><\/td><td><strong>LINK<\/strong><strong><\/strong><\/td><\/tr><tr><td>&nbsp;<\/td><td>&nbsp;<\/td><td>&nbsp;<\/td><\/tr><tr><td>&nbsp;<\/td><td>&nbsp;<\/td><td>&nbsp;<\/td><\/tr><tr><td>&nbsp;<\/td><td>&nbsp;<\/td><td>&nbsp;<\/td><\/tr><tr><td>&nbsp;<\/td><td>&nbsp;<\/td><td>&nbsp;<\/td><\/tr><tr><td>&nbsp;<\/td><td>&nbsp;<\/td><td>&nbsp;<\/td><\/tr><\/tbody><\/table><\/figure>\n\n\n\n<p><strong>SLOVENIA<\/strong><\/p>\n\n\n\n<figure class=\"wp-block-table\"><table><tbody><tr><td><strong>DESCRIPTION<\/strong><\/td><td><strong>NAME OF PROGRAM<\/strong><strong><\/strong><\/td><td><strong>LINK<\/strong><strong><\/strong><\/td><\/tr><tr><td>Financiranje nalo\u017ebenih projektov, ki prispevajo k prehodu v kro\u017eno gospodarstvo \/ Financing investment projects contributing to the transition to a circular economy<\/td><td>SID Banka<\/td><td><a href=\"https:\/\/www.sid.si\/dokumenti\/financiranje?field_document_category_tid=147\">Dokumenti, financiranje | SID banka<\/a><\/td><\/tr><tr><td>Climate change mitigation and adaptation programme<\/td><td>EEA and Norway Grants 2014\u20132021 &nbsp;<\/td><td><a href=\"https:\/\/www.norwaygrants.si\/\">Norve\u0161ki in EGP Finan\u010dni mehanizmi &#8211; Norwaygrants<\/a><\/td><\/tr><tr><td>Measure 4 &#8211; Investments in physical assets (investment group to promote the circular economy in the context of primary food production) &nbsp;<\/td><td>Slovenia\u2019s Rural Development Programme (RDP) for the period 2014\u20132020<\/td><td><a href=\"https:\/\/www.program-podezelja.si\/sl\/kaj-je-program-razvoja-podezelja-2014-2020\/ukrepi-in-podukrepi-prp-2014-2020\/m4-nalozbe-v-osnovna-sredstva\/m4-1-podpora-za-nalozbe-v-kmetijska-gospodarstva\">M4.1 &#8211; Podpora za nalo\u017ebe v kmetijska gospodarstva (program-podezelja.si)<\/a><\/td><\/tr><tr><td>Green jobs<\/td><td>Employment Service of Slovenia (ESS) &nbsp;<\/td><td><a href=\"https:\/\/www.ess.gov.si\/delodajalci\/financne_spodbude\/razpisi\/zelena-delovna-mesta-2021\">Zelena delovna mesta 2021 (gov.si)<\/a><\/td><\/tr><\/tbody><\/table><\/figure>\n\n\n\n<p><strong>ITALY<\/strong><\/p>\n\n\n\n<figure class=\"wp-block-table\"><table><tbody><tr><td><strong>DESCRIPTION<\/strong><\/td><td><strong>NAME OF PROGRAM<\/strong><strong><\/strong><\/td><td><strong>LINK<\/strong><strong><\/strong><\/td><\/tr><tr><td>Small, medium and large companies that present projects alone or in partnership with private and public subjects<\/td><td>Ministero Sviluppo Economico<\/td><td><a href=\"https:\/\/www.mise.gov.it\/index.php\/it\/incentivi\/impresa\/r-s-economia-circolare\">https:\/\/www.mise.gov.it\/index.php\/it\/incentivi\/impresa\/r-s-economia-circolare<\/a><\/td><\/tr><tr><td>Grants to invest in new instruments, digital tool, hardware, and software<\/td><td>Ministero Sviluppo Economico<\/td><td><a href=\"https:\/\/www.mise.gov.it\/index.php\/it\/incentivi\/impresa\/beni-strumentali-nuova-sabatini\">https:\/\/www.mise.gov.it\/index.php\/it\/incentivi\/impresa\/beni-strumentali-nuova-sabatini<\/a><\/td><\/tr><tr><td>Fashion area to support made in Italy and its creative talents<\/td><td>Ministero Sviluppo Economico<\/td><td><a href=\"https:\/\/www.mise.gov.it\/index.php\/it\/incentivi\/impresa\/tessile-moda-e-accessori\">https:\/\/www.mise.gov.it\/index.php\/it\/incentivi\/impresa\/tessile-moda-e-accessori<\/a><\/td><\/tr><tr><td>Support in green investments and new design projects<\/td><td>Ministero Sviluppo Economico<\/td><td><a href=\"https:\/\/www.mise.gov.it\/index.php\/it\/incentivi\/impresa\/transizione-4-0\/traniszione-4-0-2019-2020\">https:\/\/www.mise.gov.it\/index.php\/it\/incentivi\/impresa\/transizione-4-0\/traniszione-4-0-2019-2020<\/a><\/td><\/tr><tr><td>Through new management profiles companies have the chance to improve their development in digital process<\/td><td>Ministero Sviluppo Economico<\/td><td><a href=\"https:\/\/www.mise.gov.it\/index.php\/it\/incentivi\/impresa\/voucher-consulenza-innovazione\">https:\/\/www.mise.gov.it\/index.php\/it\/incentivi\/impresa\/voucher-consulenza-innovazione<\/a><\/td><\/tr><tr><td>Grants for new strategies and actions for start up<\/td><td>Ministero Sviluppo Economico<\/td><td><a href=\"https:\/\/www.mise.gov.it\/index.php\/it\/incentivi\/impresa\/smart-money\">https:\/\/www.mise.gov.it\/index.php\/it\/incentivi\/impresa\/smart-money<\/a><\/td><\/tr><tr><td>Full grants for companies working with a new approach for circular economy in Covid time<\/td><td>Fondazione Tim<\/td><td><a href=\"https:\/\/infobandi.csvnet.it\/fondazione-tertio-millennio-progetto-laboratorio-italia-2021\/\">https:\/\/infobandi.csvnet.it\/fondazione-tertio-millennio-progetto-laboratorio-italia-2021\/<\/a><\/td><\/tr><tr><td>Grants for Lombardia\u2019s company to increase their power on market and new projects<\/td><td>Regione Lombardia<\/td><td><a href=\"https:\/\/www.regione.lombardia.it\/wps\/portal\/istituzionale\/HP\/DettaglioAvviso\/servizi-e-informazioni\/imprese\/filiere-eccellenti\/bando-innovazione-filiere-economia-circolare-2021\/bando-innovazione-filiere-economia-circolare-2021\">https:\/\/www.regione.lombardia.it\/wps\/portal\/istituzionale\/HP\/DettaglioAvviso\/servizi-e-informazioni\/imprese\/filiere-eccellenti\/bando-innovazione-filiere-economia-circolare-2021\/bando-innovazione-filiere-economia-circolare-2021<\/a><\/td><\/tr><tr><td>50% full grants for ecommerce strategies to small, medium and large companies<\/td><td>Regione Puglia<\/td><td><a href=\"https:\/\/www.innoprocess.it\/\">https:\/\/www.innoprocess.it\/<\/a><\/td><\/tr><tr><td>Support of startup and young ideas for a new economy<\/td><td>Fondazione Bracco<\/td><td><a href=\"https:\/\/www.fondazionebracco.com\/bandi\/nuovo-bando-per-startup-innovative-impegnate-nell-economia-circolare-2\/\">https:\/\/www.fondazionebracco.com\/bandi\/nuovo-bando-per-startup-innovative-impegnate-nell-economia-circolare-2\/<\/a><\/td><\/tr><\/tbody><\/table><\/figure>\n","protected":false},"excerpt":{"rendered":"<p>EU DESCRIPTION NAME OF PROGRAM LINK As part of the European Green Deal, the European Commission has set up a Circular Economy Action Plan with &hellip; <\/p>\n","protected":false},"author":2,"featured_media":0,"parent":0,"menu_order":0,"comment_status":"closed","ping_status":"closed","template":"","meta":[],"_links":{"self":[{"href":"https:\/\/www.ce-iperasmus.eu\/dashboard\/wp-json\/wp\/v2\/pages\/135"}],"collection":[{"href":"https:\/\/www.ce-iperasmus.eu\/dashboard\/wp-json\/wp\/v2\/pages"}],"about":[{"href":"https:\/\/www.ce-iperasmus.eu\/dashboard\/wp-json\/wp\/v2\/types\/page"}],"author":[{"embeddable":true,"href":"https:\/\/www.ce-iperasmus.eu\/dashboard\/wp-json\/wp\/v2\/users\/2"}],"replies":[{"embeddable":true,"href":"https:\/\/www.ce-iperasmus.eu\/dashboard\/wp-json\/wp\/v2\/comments?post=135"}],"version-history":[{"count":2,"href":"https:\/\/www.ce-iperasmus.eu\/dashboard\/wp-json\/wp\/v2\/pages\/135\/revisions"}],"predecessor-version":[{"id":1074,"href":"https:\/\/www.ce-iperasmus.eu\/dashboard\/wp-json\/wp\/v2\/pages\/135\/revisions\/1074"}],"wp:attachment":[{"href":"https:\/\/www.ce-iperasmus.eu\/dashboard\/wp-json\/wp\/v2\/media?parent=135"}],"curies":[{"name":"wp","href":"https:\/\/api.w.org\/{rel}","templated":true}]}}